ase 12, what is -6b + 1?
-6a
In base 13, what is 1 + -14?
-13
In base 5, what is 2 + -20332?
-20330
In base 6, what is -33 - 5?
-42
In base 11, what is -3 + -294?
-297
In base 10, what is -2736 + -4?
-2740
In base 7, what is -136643 - 4?
-136650
In base 10, what is -5 - 91?
-96
In base 6, what is -110 - -44?
-22
In base 15, what is 879 - -a?
884
In base 5, what is -3240 + -24?
-3314
In base 7, what is 0 - -142?
142
In base 13, what is 659 + 0?
659
In base 13, what is -2 + -87?
-89
In base 13, what is -4 - -3a6?
3a2
In base 4, what is 30 - 321?
-231
In base 13, what is 9 - -a8?
b4
In base 12, what is 46 - 26?
20
In base 15, what is -1 - -d4?
d3
In base 9, what is 382 + 1?
383
In base 9, what is 153 + 142?
305
In base 8, what is 4 + -124?
-120
In base 12, what is 1 - -125?
126
In base 3, what is 2 + -10021?
-10012
In base 3, what is 2 - 1012200?
-1012121
In base 13, what is 2 - -58?
5a
In base 13, what is -2 - 3?
-5
In base 15, what is -285 + 1?
-284
In base 12, what is 10 + 21?
31
In base 10, what is 4 - 3112?
-3108
In base 4, what is -311 - 0?
-311
In base 13, what is c4 + 3?
c7
In base 11, what is -13 + 56?
43
In base 5, what is -1413 - -3?
-1410
In base 9, what is 448 + 8?
457
In base 3, what is 11101 - 11?
11020
In base 2, what is -101 + -101010010100?
-101010011001
In base 4, what is -13 - 1332?
-2011
In base 7, what is -3 + 32?
26
In base 7, what is -5 + -35?
-43
In base 6, what is 44 + 43?
131
In base 9, what is 185 - -5?
201
In base 11, what is -5 - -3?
-2
In base 8, what is 41 + 3?
44
In base 11, what is -4262 + -4?
-4266
In base 10, what is 0 - -887?
887
In base 10, what is -691 - 6?
-697
In base 7, what is 155 + -10?
145
In base 8, what is 2026 - 21?
2005
In base 5, what is 301 - 14?
232
In base 5, what is 34 + -2?
32
In base 6, what is 4341 + -1?
4340
In base 9, what is 801 + 2?
803
In base 13, what is -3 - 2a98?
-2a9b
In base 4, what is 22 + 33?
121
In base 6, what is 10122 - 2?
10120
In base 16, what is 0 - -14?
14
In base 10, what is -17 - 4?
-21
In base 3, what is 10 + 22111022?
22111102
In base 8, what is -20 + 156?
136
In base 5, what is 2001 + 102?
2103
In base 12, what is 5 - -ba?
103
In base 7, what is 1 - 111?
-110
In base 7, what is -3 + -13662?
-13665
In base 5, what is -223 + -221?
-444
In base 10, what is 28 + -16?
12
In base 14, what is -16 - -3?
-13
In base 9, what is 18 + -570?
-551
In base 14, what is -2 - 129?
-12b
In base 5, what is -30 + -4?
-34
In base 8, what is 7664 - 0?
7664
In base 9, what is -27 - 137?
-165
In base 11, what is -25 + -23?
-48
In base 13, what is -17 + -1?
-18
In base 3, what is -2 + 1201120?
1201111
In base 7, what is 3 + -226?
-223
In base 11, what is -4 - 1002?
-1006
In base 2, what is 1 + -10001?
-10000
In base 10, what is -5 - -3011?
3006
In base 12, what is -1 - -3b?
3a
In base 2, what is 111101100 - -1?
111101101
In base 6, what is -12 + -14?
-30
In base 3, what is -10022 + 12?
-10010
In base 11, what is 14 + 118?
131
In base 8, what is 16 + 5?
23
In base 11, what is 1973 + -1?
1972
In base 13, what is -5 + -10?
-15
In base 13, what is -b99 + 10?
-b89
In base 13, what is 5 - -70?
75
In base 11, what is -81a + 3?
-817
In base 11, what is -1 + 60a?
609
In base 16, what is -1 - 29?
-2a
In base 13, what is -77 - 27?
-a1
In base 9, what is -3 - -132?
128
In base 15, what is 6 + -6d?
-67
In base 9, what is 2 + 121?
123
In base 3, what is 11 - -10121?
10202
In base 3, what is 11 - -2012?
2100
In base 13, what is -5 + 30?
28
In base 7, what is -11 - 60?
-101
In base 7, what is -31 - -233?
202
In base 16, what is 2a + -7?
23
In base 2, what is 100000 - 1101000?
-1001000
In base 2, what is 0 + -101011?
-101011
In base 11, what is -76 - -25?
-51
In base 14, what is -11c5 - -6?
-11bd
In base 12, what is -241 + -3?
-244
In base 2, what is -101 - -1100?
111
In base 11, what is 5 - -38?
42
In base 13, what is -33 - 99?
-cc
In base 13, what is -9 + -159?
-165
In base 9, what is -330 + 5?
-324
In base 12, what is 6 + -57a?
-574
In base 10, what is 1 - 1?
0
In base 2, what is -11 + 1101101?
1101010
In base 8, what is -16 - 47?
-65
In base 3, what is -2221 - -2101?
-120
In base 5, what is 11 - 420?
-404
In base 8, what is -34 + -22?
-56
In base 15, what is 2e9 + 4?
2ed
In base 14, what is -331 - 5?
-336
In base 10, what is -1 + 1024?
1023
In base 7, what is -1 - 156?
-160
In base 14, what is 1 - -16d?
170
In base 2, what is 111100 - 101?
110111
In base 9, what is -2 - 130?
-132
In base 15, what is -2 + -6a?
-6c
In base 2, what is 1000101 + -100000101?
-11000000
In base 16, what is -f6 + 5?
-f1
In base 10, what is -2 - -74?
72
In base 11, what is -1595 - -3?
-1592
In base 16, what is 2 + 4c1?
4c3
In base 14, what is 2 + -41b?
-419
In base 13, what is 238 + -b?
22a
In base 11, what is -184 - 5?
-189
In base 12, what is -280 + 2?
-27a
In base 12, what is -89 - 4?
-91
In base 15, what is 5 + a56?
a5b
In base 10, what is -4 - -528?
524
In base 15, what is -2 + 5d9?
5d7
In base 15, what is -b + 8?
-3
In base 9, what is 5 + 445?
451
In base 13, what is 22 - 26?
-4
In base 8, what is 404 - 0?
404
In base 6, what is -3 - 3230?
-3233
In base 5, what is 4 + 222?
231
In base 15, what is -365 - 0?
-365
In base 15, what is acd + -3?
aca
In base 6, what is 31 + -454?
-423
In base 3, what is -101 + -1110?
-1211
In base 3, what is 100 - -102?
202
In base 13, what is 3142 + 5?
3147
In base 9, what is 4 + 287?
302
In base 5, what is 2 - 2121?
-2114
In base 14, what is -16 - 34?
-4a
In base 9, what is -7 + 63?
55
In base 4, what is -202 - -20?
-122
In base 10, what is -4 - 386?
-390
In base 9, what is -40 + 5?
-34
In base 14, what is 179d - 2?
179b
In base 5, what is -42 - 10?
-102
In base 12, what is 5 + ba?
103
In base 10, what is -945 + -9?
-954
In base 11, what is 1a9 - -3?
201
In base 13, what is -3 - 18?
-1b
In base 9, what is 286 + 7?
304
In base 9, what is -2 + -221?
-223
In base 3, what is -11010220 - 10?
-11011000
In base 12, what is b + 165?
174
In base 5, what is 11 - -10?
21
In base 6, what is -34 + -5?
-43
In base 12, what is -4 + -52?
-56
In base 5, what is -1 + -320?
-321
In base 2, what is -110100100 + 11?
-110100001
In base 15, what is 296 + 2?
298
In base 8, what is 4 + -2075?
-2071
In base 12, what is 69 - 2?
67
In base 16, what is 3 + 1bf?
1c2
In base 9, what is 1288 - 7?
1281
In base 8, what is 307 + -3?
304
In base 15, what is -49 + -12?
-5b
In base 2, what is 10001 - 10001?
0
In base 10, what is -29 - 21?
-50
In base 13, what is 5 + -75?
-70
In base 6, what is -2 + 113?
111
In base 6, what is -15 - -50?
31
In base 13, what is 10075 - -5?
1007a
In base 2, what is 10001 - -100?
10101
In base 2, what is -101111 + 111?
-101000
In base 6, what is -21 - -10?
-11
In base 4, what is 2 + -1000?
-332
In base 8, what is 265 + 1?
266
In base 7, what is 3252 - -36?
3321
In base 2, what is 10 + 11101?
11111
In base 8, what is -41 - 3?
-44
In base 15, what is 6c + 1?
6d
In base 3, what is -2202 + -1?
-2210
In base 10, what is -1 - 160?
-161
In base 14, what is -89 - -5?
-84
In base 11, what is 3 + -2769?
-2766
In base 8, what is 11 + -227?
-216
In base 5, what is -1004 - -213?
-241
In base 15, what is -2c + -8?
-35
In base 14, what is -3 - -b0a?
b07
In base 13, what is -95c + -3?
-962
In base 5, what is 404302 + 0?
404302
In base 4, what is -3 + -13000?
-13003
In base 8, what is 101 - -40?
141
In base 14, what is -a5 - -6?
-9d
In base 12, what is -5 + -40?
-45
In base 2, what is -1101011111 + 0?
-1101011111
In base 15, what is -123 - -5?
-11d
In base 16, what is -11 + 15?
4
In base 7, what is 14616 - -4?
14623
In base 14, what is 9 + 34b?
356
In base 6, what is 102 + -13?
45
In base 9, what is 3 + 75?
78
In base 10, what is -717 + 2?
-715
In base 8, what is 11 + -16?
-5
In base 10, what is 1811 + -5?
1806
In base 10, what is 1904 + 7?
1911
In base 3, what is 1022 - -1?
1100
In base 11, what is -2 + -537?
-539
In base 4, what is 11 - 213231?
-213220
In base 12, what is -65 - -5?
-60
In base 10, what is 60 + -2?
58
In base 7, what is -2230 + 2?
-2225
In base 10, what is -166 + -1?
-167
In base 7, what is -131040 + -4?
-131044
In base 16, what is 19 + 39?
52
In base 14, what is -18b5 - -3?
-18b2
In base 5, what is 2 - -121?
123
In base 10, what is 655 - -22?
677
In base 14, what is -328 + 1?
-327
In base 11, wha